d. Let m(f) = f**2 + 6*f - 1. Calculate m(i).
-1
Let o be -2 - (-1 - (0 - -6)). Suppose u - o = 1. Let y(p) = -p**2 + 8*p + 5. Calculate y(u).
17
Let k(j) = -3*j + 1. Suppose 0 = 5*u - 4*u - 5. Determine k(u).
-14
Let z(v) = v**3 - 8*v + 2. Let t = -53 + 59. Let m(j) = -j**3 - j**2 + 8*j - 1. Let p(w) = t*z(w) + 5*m(w). Calculate p(6).
-5
Suppose -134 = 22*b - 46. Let a(j) = j**3 + 4*j**2 - 3*j + 3. Determine a(b).
15
Let j be (-77)/(-22)*8/14. Let w(o) = 0*o**2 + 9 - 24 + 10 + o**j - 2*o. What is w(4)?
3
Let r = 183 + -182. Let n(h) = -5*h. What is n(r)?
-5
Let p be 1*15*(-4)/(-10). Let q(r) = 2*r**2 + 86*r + 3. Let d(z) = -z**2 - 50*z - 1. Let h(s) = 7*d(s) + 4*q(s). Give h(p).
5
Let y be 51 + (-4)/2 - -4. Suppose 5*c = -4*b - 26, 0 = 8*b - 3*b - 4*c + y. Let p(q) = q**3 + 8*q**2 - 9*q - 4. Give p(b).
-4
Suppose -5*l - 5*z = 1 - 11, -5*l = 4*z - 6. Let g = 4 - 3. Let p(q) = g - 4*q**2 + 3*q - 5*q + 1 - 3. Calculate p(l).
-13
Suppose -3*i - 2*i + 1 = -2*l, 4*l - 3 = 5*i. Let h = -8 - -11. Let t(a) = -1 + 4*a**3 - 2*a + 3*a**h - a**2 - 5*a**3. Calculate t(l).
7
Let y(t) = 3*t - 1. Let i(z) = -8*z + 3. Let m = -33 + 37. Let d(h) = m*i(h) + 11*y(h). What is d(0)?
1
Let s(v) = -v**2 + 4*v + 3*v - v - 18 + 5*v. Give s(10).
-8
Suppose t - 26 = -3*i, -5*t - 3*i - 8 = -174. Let g = -32 + t. Let j(v) = -2*v**2 + 3*v + 2. Give j(g).
-7
Let y(g) be the second derivative of 5*g**3/2 - g**2/2 + 10*g - 4. What is y(2)?
29
Suppose 2*s + 40 = -24. Let g = s - -40. Let x(y) = y**2 - 9*y + 3. What is x(g)?
-5
Let q(i) be the second derivative of i**5/20 + 7*i**4/12 - i**3/6 + 7*i**2/2 + 39*i. Suppose -13 + 6 = j. Determine q(j).
14
Let p = -1 + 14. Let s(u) = 8*u + 0*u - 7*u - p*u. Determine s(-1).
12
Let y(p) = 7 - 2*p + p + 10*p**2 - 7. Let t(c) = 0*c**2 + 8*c + 0*c - 1 - 7 - c**2. Let n be t(7). What is y(n)?
11
Let c(t) = 3*t + 19. Let b(z) = -z - 10. Let l(u) = -11*b(u) - 6*c(u). Let w = -102 + 99. Determine l(w).
17
Let w(r) be the second derivative of -r**3/6 + 11*r**2/2 + 472*r. Determine w(5).
6
Let f(n) = 4*n**2 - 4*n + 3. Let b(s) = -s**2 - 1. Suppose 2*i + 1 = 3*v, -12 = 4*v + i + 3*i. Let j(k) = v*f(k) - 3*b(k). Determine j(4).
0
Let t(c) be the first derivative of c**4/4 - 4*c**3/3 + c**2 - 4*c - 803. Suppose -4*h + 3*y = 6*y - 9, 5*h + 4*y = 11. Give t(h).
-7
Let c(y) = y**3 + 11*y**2 + 4*y - 14. Let s(n) = n**2 - 3. Let v(t) = c(t) - 6*s(t). Suppose 9 = -2*o + 3. Determine v(o).
10
Let q = -1 + 4. Let m(b) = 6 - b**q + 2*b + 4*b + 60*b**2 - 55*b**2. Calculate m(6).
6
Let w(p) = 9 - 217*p + 440*p - 224*p. Let x(g) = -2*g - 6. Let q be x(-5). Determine w(q).
5
Let y(u) = -9*u + 13 + 20*u - 9*u. Let d be y(-8). Let m(p) be the second derivative of -p**4/6 - 2*p**3/3 - 3*p**2/2 - 2*p. Calculate m(d).
-9
Let g(r) be the first derivative of r**3/3 - 3*r**2/2 - r + 631. Give g(4).
3
Let a(k) = 6*k + 7. Let r(n) = 7*n + 2. Let b(q) = 7*q + 1. Let t(c) = 6*b(c) - 7*r(c). Let i(z) = -6*a(z) - 5*t(z). Give i(5).
-7
Let i(g) = 4*g**3 - g**2 - g - 1. Let z be 2*-15*(1 - 48/9). Let v = 129 - z. Calculate i(v).
-5
Suppose -3*x = -7*j + 2*j + 5, 20 = 4*x. Let z(v) be the first derivative of v**2 + 3*v + 122. Determine z(j).
11
Let x(t) = 2*t + 1. Let v(k) = -4*k - 2. Let h(i) = -3*v(i) - 5*x(i). Suppose 4*y + 3 + 9 = 0. What is h(y)?
-5
Let i(a) = -7*a - 28. Let d be i(-3). Let h(k) = -k**2 - 8*k - 5. Calculate h(d).
2
Let j(p) = 1 + 5*p**2 + 3*p**3 + p**3 + 3*p + 3*p**3 - 6*p**3. Suppose 5*r = 8*r + 15. Give j(r).
-14
Let f(s) = -7*s. Let h(b) = -b + 17. Let c be h(16). Suppose t - c = 1. Suppose p - 3*p + 6 = 0, 0 = -5*a - t*p + 11. Determine f(a).
-7
Let k(z) = -z**2 + 2. Suppose 0 = -4*i + 5 - 25, -2*r - 12 = 4*i. Suppose -3*a - 2 + 11 = 5*t, 4*t - r = -4*a. Determine k(a).
-2
Let d be (-2 - -6) + 73 + -72. Let c(m) be the second derivative of 0 + 1/20*m**d - 9*m - 7/6*m**3 + 7/2*m**2 - 5/12*m**4. Calculate c(6).
1
Let n(o) = -28 - 20*o - 36*o + 54*o. Determine n(-10).
-8
Let m = 46 + -44. Let s(u) = -u + u - 9 + u**m + 7. Calculate s(4).
14
Let m be (14/4 - 1)*(-12)/15. Let z(v) = 11*v + 2. Give z(m).
-20
Let u(x) = 0*x + 2*x - 6*x + 4 - 3*x + 3*x. Determine u(-8).
36
Let p(r) = r**3 - 27*r**2 + r - 23. Let k be p(27). Suppose 0 = k*w + 5*f - 53, -w - 5*f = -4*f - 12. Let q(v) = -v**3 + 7*v**2 - v - 5. Determine q(w).
-12
Let p(f) = -2*f**2 + 10*f - 7. Let c be p(4). Let o(g) = -7*g**3 - g**2 + 1. What is o(c)?
-7
Let r(o) = 2*o - 6. Let t(u) = 3*u**2 + 18*u - 21. Let m(i) = -2*i**2 - 18*i + 21. Let w(c) = 4*m(c) + 3*t(c). Let y be w(17). Calculate r(y).
2
Let w(r) = 11*r - 118. Let k be w(11). Let j(f) = -f**2 - 1 + f + 5 - 3. Give j(k).
-5
Let z be 1*0/(-4) - -3. Let l(t) = -2*t - 1 + z + 0. Let k be (-6)/4*8/3. What is l(k)?
10
Let b(c) = 36*c - 22*c + 2 - 13*c. Determine b(5).
7
Let n(a) = 8 + 11 + 1 - 1 - 1 + 2*a. What is n(-10)?
-2
Let c(f) = -f**2 + 3*f - 2. Let a be (-3)/(-5) + (-88)/(-20). Suppose -3*s - 2*s - 2*y = -28, 36 = a*s + 4*y. Calculate c(s).
-6
Let i(w) = w**3 + 7*w**2 + w. Suppose 5*c + 294 = -37*c. Give i(c).
-7
Suppose 9*y = 4*y. Let h(x) = -5*x + 1 - 5 - x**2 + y + 3. Let w(t) = 4*t**2 + 16*t + 4. Let a(n) = -7*h(n) - 2*w(n). What is a(2)?
1
Let s(z) = 3*z - 5. Let k(t) = 6*t - 7. Let j(h) = -5*k(h) + 7*s(h). Calculate j(-3).
27
Let q = -15 + -3. Let o be (-4)/(-18) - (-4)/q. Let u be -7 - -9 - (o - 0). Let s(l) = l**3 - l**2 - 3*l + 2. Calculate s(u).
0
Let t(y) = 3*y**2 + 8*y + 10. Let j(k) = 4*k**2 + 7*k + 11. Let m(f) = 2*j(f) - 3*t(f). What is m(-11)?
-19
Let c(a) be the third derivative of 7*a**4/24 - a**3/3 + 4*a**2 - 2. Calculate c(5).
33
Let s(q) be the second derivative of -q**3 + q**2 - 17*q. Let a(d) = 11*d - 4. Let i(c) = -3*a(c) - 5*s(c). What is i(-5)?
17
Let m(q) = -q + 3. Let x be m(5). Let w(i) = -5 - 102*i + 98*i + 1 + 2. Give w(x).
6
Let m(n) = 21*n - 3*n**2 + 6 + 2*n**2 - 2 - 14*n. Give m(6).
10
Let p(r) = -r**3 + 8*r**2 - 10*r + 1. Let z = 110 + -103. Give p(z).
-20
Let b be (-274)/(-8) + 15/20. Suppose 0 = -3*c + 8*c - b. Let w(m) = 13*m. Let q(a) = -14*a. Let k(d) = c*w(d) + 6*q(d). Give k(-1).
-7
Let m(t) = t**3 + 15*t**2 + 13*t - 20. Let i(r) = 17*r - 116. Let g be i(6). Determine m(g).
-6
Suppose 13 = 2*r - 5*r + 16. Let m(q) be the second derivative of -5*q**4/24 - q**3/6 + q**2 + q. Let b(z) be the first derivative of m(z). What is b(r)?
-6
Let h(a) = -3*a + 8. Let k be h(0). Let f(m) = 4*m - m + k - 4*m. Determine f(0).
8
Let n(k) = -693 + 687 + 4*k**2 - k**3 + 3*k**3 - 2*k - k**3. Let h be ((-9)/2)/((-6)/8). Suppose 2*y + h + 2 = 0. Give n(y).
2
Let m(p) be the first derivative of -p**3/3 - p**2/2 + 10*p - 2. Let a be m(-3). Let k(h) = -h**2 + 3*h + 4. Calculate k(a).
0
Let d(b) = -b**2 + 5*b + 5. Let o(i) = 5*i**2 - 6*i + 8. Let k be o(3). Suppose 7*q = 84 - k. Calculate d(q).
-9
Let s be (45/10)/(9/12). Let b be -4 + s/2 + 2. Let n(g) = 7*g - 3*g + 0*g - 3 - 5*g**2 + b + g**3. Calculate n(3).
-8
Suppose 0 = 4*d + 2*n - 48, -4*d + n + 50 = -4. Let a(u) = -u + 16. Calculate a(d).
3
Let u be 1*2/(-1 + 6 + -3). Let f(z) = z + 19 - 7 + u. Determine f(-6).
7
Let t(b) be the first derivative of -5*b**4/2 - b**2 + 2*b + 138. What is t(1)?
-10
Let f(p) = 24*p - 15*p - 10*p + 3. Let y be 90*(5 + -2)/6. Suppose -6*o - 9 = -y. What is f(o)?
-3
Let s(k) = k - 1. Let v(p) = p**3 - 5*p**2 + p + 1. Let l = -44 - -43. Let d(u) = l*s(u) + v(u). Let t = 4 + 1. Give d(t).
2
Let h(q) = -2*q**3 + 3*q**3 - 1 + 11*q**2 - 2*q**3. Let c be h(11). Let g(i) = i + 4*i + 15 - 14. What is g(c)?
-4
Let i(g) = -g**2 + g + 11. Suppose 0 = -5*u + 15 + 25. Let t be 6/8 - 6/u. Determine i(t).
11
Let o be 1 + 1 + (2 - 8). Let w(p) = -3*p + 9 - 10 + 4*p. Let v(d) = d**2 - 3*d. Let n(x) = -v(x) - 4*w(x). Give n(o).
-8
Let x(w) = -w**3 - 2*w**2. Suppose 0 = -4*s + 2*g + 3*g + 53, 2*g + 10 = 0. Let l be (-23)/s + (4/(-14))/(-1). Calculate x(l).
9
Let c(g) = g**2 + 4*g - 8. Let m be c(-6). Let a(h) = -1 + 0*h + h + m*h - 6*h. Determine a(4).
-5
Let g(q) = 86*q - 44*q + 23 - 2*q**2 - 4*q**2 + q**3 - 46*q. Give g(6).
-1
Let k(y) = 3*y + 23. Suppose -70 = -3247*x + 3254*x. Calculate k(x).
-7
Let v(r) = -3*r**2. Let z(l) = 2*l**3 - l**2 + l - 1. Let x(i) = -i**2 + 13*i - 21. Let c be x(11). Let s be z(c). Give v(s).
-3
Let f(n) be the secon